e greatest common divisor of 416 and d?
26
Suppose -686 - 598 = -6*l. Suppose -l = -15*x + 11. What is the highest common factor of x and 165?
15
Suppose 2*o - 5*d + 49 = 130, -2*o + 2*d = -90. Calculate the highest common factor of 32 and o.
16
Let b be 40/6*135/90. What is the greatest common divisor of b and 46?
2
Let g be (-43)/(-9) + (-6)/(-27). Suppose -g*w = -w - p + 5, 3 = 3*p. Let c be (w + 16)*(-15)/(-25). Calculate the highest common factor of 72 and c.
9
Let m be 132/(-34) + 0 + 6/(-51). Let r be ((-9)/m)/(78/2080). Calculate the highest common factor of r and 12.
12
Suppose -1724*h + 182 = -1717*h. Suppose -4*s - 204 = -1036. What is the greatest common divisor of h and s?
26
Let u(o) = -o + 8. Let n be u(-2). Suppose 46 - n = 2*a. Suppose -x + 2*f + 55 = -0*x, -250 = -5*x + 5*f. Calculate the highest common divisor of a and x.
9
Let i(n) = -n**2 + 17*n - 24. Let a be i(8). Let g be 4/26 + (-1854)/(-117). Calculate the highest common divisor of a and g.
16
Let v(c) = c + 16. Let i be v(0). Suppose 4*o - i = 0, l + 25 = 2*l - 2*o. Calculate the highest common divisor of 44 and l.
11
Suppose -4*c + 3256 + 6068 = 0. Calculate the highest common factor of 63 and c.
63
Let n(d) = 2*d**2 - 21*d + 16. Let k(g) = g**2 - 7*g + 3. Let i be k(8). Let y be n(i). What is the highest common factor of 216 and y?
27
Let m = 53 - 16. Let s = m - 11. Calculate the greatest common divisor of s and 234.
26
Let c = -13 + 24. Suppose 5*y + 2*m - 21 = m, 4*y - 5*m = c. Let o be (-11)/(0 + (-1)/y). What is the highest common divisor of o and 11?
11
Suppose -216 = -6*i - 2*i. Let h = 495 + -252. What is the highest common divisor of h and i?
27
Let p = 88 - 88. Suppose -15*j + 258 + 147 = p. What is the highest common factor of 81 and j?
27
Let b = -43 - -52. Suppose -b*r + 726 = -1461. Calculate the highest common divisor of r and 27.
27
Suppose z = -0*z - f + 14, 48 = 4*z - 4*f. Let x = 119 - 106. What is the highest common factor of x and z?
13
Let g = 25 + -20. Suppose -4*a = -g*a + 15. What is the greatest common factor of a and 15?
15
Suppose -4*y - 4*s - 8 = -2*y, -5*y - 3*s = 41. Let r = 20 + y. Suppose -5*z + p = -445, -4*z - 6 = -p - 361. Calculate the highest common divisor of r and z.
10
Suppose 2*r - 4*i = 6*r - 3336, 2*r - 1670 = -i. What is the greatest common divisor of r and 76?
76
Suppose -2*z + 7*z = -195. Let g = z - -42. What is the highest common factor of g and 9?
3
Let r be 125*1/(20/(-8)). Let m = 73 + r. What is the greatest common divisor of 23 and m?
23
Let j(k) = 67*k**3 - k**2 + 3*k - 3. Let f be j(1). Calculate the highest common factor of 99 and f.
33
Suppose -5*v + 455 = -4*o, 8*v - o = 4*v + 375. Let m(s) = 8*s - 34. Let n be m(9). What is the highest common divisor of v and n?
19
Let o = -8 + -14. Let r be (28/6)/(o/(-99)). Calculate the greatest common divisor of r and 42.
21
Suppose 2*l = 3*l - 4*v - 6, 18 = 3*l - 2*v. Let x = 39 + 57. Suppose -2*g + x = g + 2*j, 2*g - 48 = 4*j. What is the greatest common factor of g and l?
6
Suppose -2*g - 4*i + 94 = 0, -3*i + 4*i - 1 = 0. Suppose -2*m = 3*s + s - 48, -5*s - g = -5*m. Calculate the highest common factor of m and 21.
7
Let g(v) = -2*v**2 - 69*v + 22. Let i be g(-32). Calculate the greatest common factor of 104 and i.
26
Suppose 4*w - 4 = 8. Let i be (0 + 1)*(w + 0). Let k be 9/((6/(-2))/(-3)). Calculate the highest common divisor of k and i.
3
Let k be (-24)/(-30)*(0 - -10). Let d be (-3*4/k)/((-6)/8). What is the highest common divisor of d and 6?
2
Suppose 0 = s + 2, -3*s + 5*s = 4*q - 136. Suppose -23*f - q = -26*f. Suppose 3*g + g - 44 = 0. Calculate the highest common factor of f and g.
11
Let x(c) be the first derivative of c**2/2 + 7*c - 13. Let t be x(5). What is the greatest common factor of t and 108?
12
Let j be 2015/7 + 56/392. What is the highest common divisor of j and 18?
18
Let b = 42 + -39. Suppose 3*n - 36 = -n - c, n + b*c = 20. What is the highest common factor of 8 and n?
8
Let t = 58 + -59. Let p(d) = 7*d**2 + 3*d + 3. Let f be p(t). What is the highest common factor of 91 and f?
7
Suppose 0 = -5*j - 10, 5*t = -5*j + j + 242. Suppose -2*b + t = -110. What is the greatest common factor of 16 and b?
16
Suppose 109 = -5*q - 31. Let l be 1*33 + (2 - 1). Let y = l + q. What is the greatest common divisor of 4 and y?
2
Let i = -996 + 1341. What is the highest common factor of i and 60?
15
Suppose 0 = 31*t - 4*t - 5130. Calculate the highest common divisor of 19 and t.
19
Let a be (-9)/(-3)*80/3. Suppose -3*r + a = 4*s - 5*r, -36 = -2*s - r. Let w(h) = -h**2 + h + 76. Let d be w(0). What is the greatest common divisor of s and d?
19
Let s be ((-2)/(-3))/((-4)/6). Suppose -37*n + 189 = -10*n. Let z be s/(-3)*42/n. What is the highest common factor of z and 10?
2
Let t(v) = -11*v + 42. Let b be t(-12). Calculate the greatest common divisor of b and 232.
58
Let j(u) = -93*u + 49. Let k be j(-7). What is the highest common divisor of k and 25?
25
Let b = -23 + 58. Suppose 5 + b = -4*s. Let c(n) = 5*n**2 + 10*n + 18. Let d be c(s). What is the highest common divisor of d and 38?
38
Suppose -w - 5*o = -35, -20 = -3*w - 3*o + 37. Suppose -2*d = -d - w. Let c = 255 + -135. Calculate the highest common factor of d and c.
15
Suppose 4*b - 2 - 2 = 0. Suppose -13 = 2*h + b. Let f(c) = -c + 3. Let r be f(h). What is the highest common factor of r and 50?
10
Suppose 3*z + 0*z = -2*m + 20, -2*m + 20 = 4*z. Let p be (m/8)/(2/(-24)). Let c be p/((-50)/44 - -1). What is the highest common divisor of 10 and c?
10
Suppose 4*v = -b + 889, -4*v + 643 + 1984 = 3*b. Calculate the greatest common factor of 11 and b.
11
Suppose -44 + 584 = 3*p. Calculate the greatest common divisor of p and 108.
36
Suppose 25 = -y + 64. Calculate the greatest common divisor of 52 and y.
13
Let r(f) = -f**3 + 8*f**2 + f - 6. Let p be r(8). Suppose 3*k = p*j + 140 - 38, -84 = -3*k - 4*j. What is the greatest common factor of k and 4?
4
Suppose 28 = 3*z + 22. Suppose -2*i = -y + 23, 2 - 87 = -3*y - z*i. Let o = -30 - -246. Calculate the greatest common factor of y and o.
27
Let n(b) = -b**3 + 11*b**2 - 19*b + 7. Let o be n(4). What is the highest common divisor of 129 and o?
43
Suppose -4*i - 118 = -2*v, 4*i + 5*v + 43 = -54. Let h be 539/i - 6/8. Let j be (25/h)/((-2)/88). Calculate the highest common factor of 5 and j.
5
Suppose 5*a + 1396 = 3*j + 7530, -a + 1210 = 5*j. Calculate the highest common divisor of a and 70.
35
Suppose 0 = -4*v - 54 + 10. Let g be v/(-5) - (-10)/(-50). What is the highest common factor of g and 26?
2
Suppose 88 = 49*z - 45*z. What is the greatest common divisor of z and 1639?
11
Suppose -v + 5 = -5. Suppose v*t = 15*t - 65. Calculate the greatest common factor of t and 13.
13
Let j be 12/(-6)*3*(1 - 12). Let t be 12/j - 304/(-22). Calculate the highest common divisor of 168 and t.
14
Suppose 116 = 4*z + 5*v, -3*z - 3*v + 87 = -0*z. Let f be -2*(-1 - 1/2). Suppose -f*j = -575 + 227. Calculate the highest common factor of j and z.
29
Suppose -422*v + 432*v = 80. Calculate the highest common factor of 608 and v.
8
Let k = 19 + -16. Suppose -5*u + 80 = 5*g, -5*u + k = -5*g + 93. Let m = g + -15. What is the highest common factor of m and 4?
2
Let b(w) = 3*w**3 + 41*w**2 - 16*w - 18. Let q be b(-14). Let m be 0*((-3)/(-2) + -2). Suppose m*l + 5 = l. Calculate the greatest common divisor of l and q.
5
Let i be 10/(4 - 9) - -4. Let l be (9/i)/(12/24). Calculate the greatest common divisor of l and 27.
9
Let h = -639 - -686. What is the greatest common factor of 47 and h?
47
Let x be 25/(-100) + (-1)/(-4). Suppose x = 208*a - 209*a + 2. Calculate the highest common factor of a and 9.
1
Suppose 3*p + 2*p - 2*h = 235, p - 65 = 4*h. Let t = p + -7. Suppose 15*n + 1736 = 3161. What is the greatest common divisor of n and t?
19
Let o(l) = 13*l - 12. Let r be o(4). Suppose -r = -10*p + 5*p. What is the highest common divisor of 64 and p?
8
Suppose -153*l - 32 = -155*l. Suppose -m - 115 = -2*j + j, 348 = 3*j - 4*m. What is the highest common factor of j and l?
16
Let n be (-7884)/(-648) + -2*(-2)/(-24). What is the greatest common factor of 66 and n?
6
Let r(j) = 47*j - 1. Let b be r(1). Let y(o) = o**2 - 7*o + 1. Let z be y(9). Let f = 134 - z. Calculate the highest common fact